{"id":2350,"date":"2023-09-27T09:16:22","date_gmt":"2023-09-27T07:16:22","guid":{"rendered":"https:\/\/www.camping-eskualduna.fr\/alentours\/camping-saint-jean-de-luz\/"},"modified":"2023-12-04T11:19:56","modified_gmt":"2023-12-04T10:19:56","slug":"camping-saint-jean-de-luz","status":"publish","type":"alentours","link":"https:\/\/www.camping-eskualduna.fr\/es\/alentours\/camping-saint-jean-de-luz\/","title":{"rendered":"San Juan de Luz"},"content":{"rendered":"\n<p>A s\u00f3lo 10 minutos en coche (8 km) de <a href=\"https:\/\/www.camping-eskualduna.fr\/es\/alentours\/hendaye\/\" data-type=\"URL\" data-id=\"https:\/\/www.camping-eskualduna.fr\/es\/alentours\/hendaye\/\">Hendaya<\/a> y de su parcela en <strong>el Camping Eskualduna<\/strong>, encontrar\u00e1 <strong>San Juan de Luz<\/strong>, una de las mayores atracciones de la <strong>Costa Vasca<\/strong>. <strong>Saint Jean de<\/strong> Luz posee un centro hist\u00f3rico, un famoso puerto pesquero y una gran playa muy frecuentada por los veraneantes.<\/p>\n\n\n\n<p><strong>El camping de 4 estrellas Village Eskualduna est\u00e1 muy cerca de San Juan de Luz, en la Costa Vasca<\/strong>, y le invita a descubrirlo.<\/p>\n\n\n\n<h2 id=\"location-mobil-home-saint-jean-de-luz\">Alquiler de mobil home Saint Jean de Luz<\/h2>\n\n\n\n<p>Nuestro camping est\u00e1 situado en la <a href=\"https:\/\/www.camping-eskualduna.fr\/es\/contacto-acceso\/\" data-type=\"page\" data-id=\"93\"> <strong>playa de Hendaya<\/strong><\/a> (con autob\u00fas gratuito en temporada), en el coraz\u00f3n del<strong> Pa\u00eds<\/strong> Vasco. Puede <a href=\"https:\/\/www.camping-eskualduna.fr\/es\/alquileres\/\" data-type=\"page\" data-id=\"556\">alquilar una casa m\u00f3vil<\/a> o una <a href=\"https:\/\/www.camping-eskualduna.fr\/es\/ubicacion-camping-hendaye\/\" data-type=\"page\" data-id=\"558\">parcela de acampada<\/a>. Encontrar\u00e1s todas las instalaciones necesarias para tu comodidad, como una tienda de comestibles, un restaurante, una piscina <a href=\"https:\/\/www.camping-eskualduna.fr\/es\/zona-acuatica\/\" data-type=\"page\" data-id=\"560\">con dos piscinas<\/a> e incluso acceso a Internet Wi-Fi. A dos pasos de <strong>San Juan de Luz<\/strong>, disfrute del ambiente acogedor de<strong>uno de los mejores campings del Pa\u00eds<\/strong> Vasco.<\/p>\n\n\n\n<div class=\"wp-container-69f44ee33e563 wp-block-buttons\">\n<div class=\"wp-block-button\"><a class=\"wp-block-button__link\" href=\"https:\/\/www.saintjeandeluz.fr\/fr\/\" target=\"_blank\" rel=\"noreferrer noopener\">P\u00e1gina web oficial de San Juan de Luz<\/a><\/div>\n\n\n\n<div class=\"wp-block-button\"><a class=\"wp-block-button__link\" href=\"https:\/\/www.saint-jean-de-luz.com\/\" target=\"_blank\" rel=\"noreferrer noopener\">Sitio web oficial de la Oficina de Turismo de San Juan de Luz<\/a><\/div>\n<\/div>\n\n\n\n<h2 id=\"visiter-saint-jean-de-luz\">Visitar San Juan de Luz<\/h2>\n\n\n\n<h3 id=\"les-halles\">Les Halles<\/h3>\n\n\n\n<p>\u00bfPor qu\u00e9 no empezar el d\u00eda visitando el <strong>mercado de Halles<\/strong>? Este magn\u00edfico sal\u00f3n data de finales del siglo XIX y ha sido renovado recientemente, inspir\u00e1ndose en el Pavillon Baltard de Par\u00eds. Podr\u00e1 admirar las columnas de hierro fundido y las inmensas vidrieras. Los revestimientos y las piedras del edificio proceden de <a href=\"https:\/\/www.camping-eskualduna.fr\/es\/alentours\/camping-bayonne-cote-basque\/\" data-type=\"URL\" data-id=\"https:\/\/www.camping-eskualduna.fr\/es\/alentours\/camping-bayonne-cote-basque\/\">Bayona<\/a> y La <a href=\"https:\/\/www.camping-eskualduna.fr\/alentours\/le-petit-train-de-la-rhune\/\" data-type=\"alentours\" data-id=\"630\">Rhune<\/a>.<\/p>\n\n\n\n<p>\u00a1Qu\u00e9 ambiente! Toda la calidez y generosidad del Pa\u00eds Vasco se muestra aqu\u00ed. Encontrar\u00e1 las frutas y verduras m\u00e1s frescas, as\u00ed como productos gastron\u00f3micos vascos como el pimiento de <a href=\"https:\/\/www.camping-eskualduna.fr\/es\/alentours\/camping-espelette-pays-basque\/\" data-type=\"URL\" data-id=\"https:\/\/www.camping-eskualduna.fr\/es\/alentours\/camping-espelette-pays-basque\/\">Espelette<\/a>, jam\u00f3n, quesos de oveja y de vaca, y pescado reci\u00e9n capturado por los pescadores locales. Los martes y viernes por la ma\u00f1ana se celebra un mercado de alimentaci\u00f3n delante y alrededor del mercado cubierto, lo que aumenta el n\u00famero de puestos para disfrute de todos. Es una <strong>visita obligada en San Juan de Luz.<\/strong><\/p>\n\n\n\n<p>Primer consejo: aparque detr\u00e1s de la estaci\u00f3n SNCF, en el gran aparcamiento. El centro de la ciudad es cada vez m\u00e1s peatonal, por lo que la soluci\u00f3n m\u00e1s f\u00e1cil es desplazarse a pie.<\/p>\n\n\n\n<h3 id=\"horaires-des-halles-de-saint-jean-de-luz\">Horario del mercado de San Juan de Luz<\/h3>\n\n\n\n<p>Horario de apertura de las Halles de Saint Jean de Luz: todas las ma\u00f1anas de 7.00 a 13.00 horas.<\/p>\n\n\n\n<h3 id=\"louis-xiv-et-saint-jean-de-luz\">Luis XIV y San Juan de Luz<\/h3>\n\n\n\n<p>Desde el mercado, se puede ir andando hasta <strong>la calle Gambetta<\/strong>, la calle comercial de los regalos de recuerdo. Sin duda pasar\u00e1 por la<strong>iglesia de Saint-Jean-Baptiste<\/strong>, donde se cas\u00f3 el rey Luis XIV en 1660. Si le gusta cantar, no dude en preguntar en la Oficina de Turismo (junto al mercado), ya que la iglesia acoge varios conciertos.<\/p>\n\n\n\n<p>Esta calle peatonal comienza en la <strong>plaza Luis<\/strong> XIV. Una magn\u00edfica plaza, sede del ayuntamiento, frente al puerto pesquero. Con la Maison de l&#8217;Infante al fondo y los coloridos barcos perfectamente alineados en primer plano, \u00a1\u00e9sta es LA foto de postal de sus vacaciones en el Pa\u00eds Vasco!<\/p>\n\n\n\n<p>Segundo consejo: pruebe los aut\u00e9nticos <strong>macarrones de Chez Adam<\/strong>, una de las especialidades gastron\u00f3micas de Saint Jean de Luz. El macarr\u00f3n es una delicia dulce y suave de almendra que puede comerse o llevarse (\u00a1perfecto para un regalo de recuerdo!). Fundada en 1660, es toda una instituci\u00f3n: podr\u00e1 elegir entre chocolates, rochers, pasteles vascos&#8230;<\/p>\n\n\n\n<h3 id=\"la-baie-de-saint-jean-de-luz\">La bah\u00eda de San Juan de Luz<\/h3>\n\n\n\n<p>Desde aqu\u00ed, puede subir por la Rue de la R\u00e9publique, con todos sus restaurantes, para llegar a la <strong>playa<\/strong>. Protegida por 3 diques, la bah\u00eda es tranquila y popular entre las familias durante todo el a\u00f1o. Si le gusta caminar, puede subir a lo alto de la <strong>colina de Sainte Barbe<\/strong>, a la derecha de la bah\u00eda. Hay zonas de juego para los m\u00e1s peque\u00f1os y una peque\u00f1a capilla blanca en lo alto de la colina. Desde all\u00ed arriba, le espera una vista impresionante, con <a href=\"https:\/\/www.camping-eskualduna.fr\/es\/alentours\/camping-ciboure-cote-basque\/\" data-type=\"URL\" data-id=\"https:\/\/www.camping-eskualduna.fr\/es\/alentours\/camping-ciboure-cote-basque\/\">Ciboure<\/a> a un lado, con las monta\u00f1as al fondo, y los diques alineados de St Barbe, Artha y Socoa al otro, con el mar y la costa vasca al fondo. No olvide su c\u00e1mara, porque \u00e9ste es el <strong>lugar estrat\u00e9gico para las puestas de sol<\/strong>.<\/p>\n\n\n\n<h3 id=\"la-pelote-basque-ou-cesta-punta\">Pelota vasca o Cesta Punta<\/h3>\n\n\n\n<p>Si quiere descubrir otro aspecto de la cultura vasca, o un deporte vasco, vaya a ver un partido de <strong>Cesta Punta<\/strong>. Tienen lugar en el <strong>Ja\u00ef Ala\u00ef de San Juan de Luz<\/strong>. Durante todo el verano se celebran torneos internacionales. La pelota vasca es muy popular en la regi\u00f3n, y la Cesta Punta le sorprender\u00e1 por su velocidad. Los potentes jugadores no dudan en saltar muros y tirarse al suelo para salvar puntos e intentar ganar el partido ante unas gradas abarrotadas.<\/p>\n\n\n\n<h3 id=\"camping-a-st-jean-de-luz-decouvrir-les-fetes-de-saint-jean-de-luz\">Camping en San Juan de Luz: descubra las fiestas de San Juan de Luz<\/h3>\n\n\n\n<p>Como su vecino Ciboure Si se encuentra en la zona un mi\u00e9rcoles o un domingo por la noche en verano, no se pierda la famosa \u00abNoche de la Sardina\u00bb, la \u00abFiesta del At\u00fan\u00bb, la \u00abFiesta del Mar\u00bb, la \u00abFiesta de la Rue de la R\u00e9publique\u00bb, la \u00abFiesta de St Jean\u00bb, etc.  <strong>Toro de<\/strong> Fuego, seguido de peleas de confeti&#8230; \u00a1Un momento m\u00e1gico para toda la familia, y recuerdos inolvidables garantizados!<\/p>\n\n\n\n<p>Cada a\u00f1o, en junio, San Juan de Luz<strong> celebra San Juan<\/strong>. Toda la ciudad, vestida de rojo y blanco, sale a la calle para celebrarlo durante cinco d\u00edas. Durante el d\u00eda y la noche, la ciudad resuena al son de las bandas y los conciertos que se celebran por todas las plazas. Podr\u00e1s disfrutar de competiciones de <strong>fuerza vasca <\/strong>para j\u00f3venes y mayores, espect\u00e1culos tradicionales, cantos, bailes y danzas para toda la noche. El festival es tambi\u00e9n una oportunidad para reunirse con los amigos en uno de los buenos restaurantes de la ciudad y disfrutar de unos pintxos. Acampar es una forma muy agradable y econ\u00f3mica de disfrutar de las <strong>fiestas de San Juan de Luz<\/strong>.<\/p>\n\n\n\n<figure class=\"wp-block-gallery has-nested-images columns-4 is-cropped diaporama--3\">\n<figure class=\"wp-block-image size-large\"><img width=\"768\" height=\"475\" data-id=\"849\"  src=\"https:\/\/www.camping-eskualduna.fr\/wp-content\/uploads\/2023\/05\/stjean-825x510-1-768x475-1.jpg\" alt=\"\" class=\"wp-image-849\" srcset=\"https:\/\/www.camping-eskualduna.fr\/wp-content\/uploads\/2023\/05\/stjean-825x510-1-768x475-1.jpg 768w, https:\/\/www.camping-eskualduna.fr\/wp-content\/uploads\/2023\/05\/stjean-825x510-1-768x475-1-300x186.jpg 300w\" sizes=\"(max-width: 768px) 100vw, 768px\" \/><\/figure>\n\n\n\n<figure class=\"wp-block-image size-large\"><img width=\"500\" height=\"365\" data-id=\"843\"  src=\"https:\/\/www.camping-eskualduna.fr\/wp-content\/uploads\/2023\/05\/stjean3.jpg\" alt=\"\" class=\"wp-image-843\" srcset=\"https:\/\/www.camping-eskualduna.fr\/wp-content\/uploads\/2023\/05\/stjean3.jpg 500w, https:\/\/www.camping-eskualduna.fr\/wp-content\/uploads\/2023\/05\/stjean3-300x219.jpg 300w\" sizes=\"(max-width: 500px) 100vw, 500px\" \/><\/figure>\n\n\n\n<figure class=\"wp-block-image size-large\"><img width=\"564\" height=\"845\" data-id=\"840\"  src=\"https:\/\/www.camping-eskualduna.fr\/wp-content\/uploads\/2023\/05\/stjean2.jpg\" alt=\"\" class=\"wp-image-840\" srcset=\"https:\/\/www.camping-eskualduna.fr\/wp-content\/uploads\/2023\/05\/stjean2.jpg 564w, https:\/\/www.camping-eskualduna.fr\/wp-content\/uploads\/2023\/05\/stjean2-200x300.jpg 200w\" sizes=\"(max-width: 564px) 100vw, 564px\" \/><\/figure>\n\n\n\n<figure class=\"wp-block-image size-large\"><img width=\"576\" height=\"324\" data-id=\"837\"  src=\"https:\/\/www.camping-eskualduna.fr\/wp-content\/uploads\/2023\/05\/fete-saint-jean-de-luz.jpg\" alt=\"\" class=\"wp-image-837\" srcset=\"https:\/\/www.camping-eskualduna.fr\/wp-content\/uploads\/2023\/05\/fete-saint-jean-de-luz.jpg 576w, https:\/\/www.camping-eskualduna.fr\/wp-content\/uploads\/2023\/05\/fete-saint-jean-de-luz-300x169.jpg 300w\" sizes=\"(max-width: 576px) 100vw, 576px\" \/><\/figure>\n<\/figure>\n","protected":false},"template":"","meta":[],"acf":[],"_links":{"self":[{"href":"https:\/\/www.camping-eskualduna.fr\/es\/wp-json\/wp\/v2\/alentours\/2350"}],"collection":[{"href":"https:\/\/www.camping-eskualduna.fr\/es\/wp-json\/wp\/v2\/alentours"}],"about":[{"href":"https:\/\/www.camping-eskualduna.fr\/es\/wp-json\/wp\/v2\/types\/alentours"}],"wp:attachment":[{"href":"https:\/\/www.camping-eskualduna.fr\/es\/wp-json\/wp\/v2\/media?parent=2350"}],"curies":[{"name":"wp","href":"https:\/\/api.w.org\/{rel}","templated":true}]}}

<p>A sólo 10 minutos en coche (8 km) de <a href="https://www.camping-eskualduna.fr/es/alentours/hendaye/" data-type="URL" data-id="https://www.camping-eskualduna.fr/es/alentours/hendaye/">Hendaya</a> y de su parcela en <strong>el Camping Eskualduna</strong>, encontrará <strong>San Juan de Luz</strong>, una de las mayores atracciones de la <strong>Costa Vasca</strong>. <strong>Saint Jean de</strong> Luz posee un centro histórico, un famoso puerto pesquero y una gran playa muy frecuentada por los veraneantes.</p>



<p><strong>El camping de 4 estrellas Village Eskualduna está muy cerca de San Juan de Luz, en la Costa Vasca</strong>, y le invita a descubrirlo.</p>



<h2 id="location-mobil-home-saint-jean-de-luz">Alquiler de mobil home Saint Jean de Luz</h2>



<p>Nuestro camping está situado en la <a href="https://www.camping-eskualduna.fr/es/contacto-acceso/" data-type="page" data-id="93"> <strong>playa de Hendaya</strong></a> (con autobús gratuito en temporada), en el corazón del<strong> País</strong> Vasco. Puede <a href="https://www.camping-eskualduna.fr/es/alquileres/" data-type="page" data-id="556">alquilar una casa móvil</a> o una <a href="https://www.camping-eskualduna.fr/es/ubicacion-camping-hendaye/" data-type="page" data-id="558">parcela de acampada</a>. Encontrarás todas las instalaciones necesarias para tu comodidad, como una tienda de comestibles, un restaurante, una piscina <a href="https://www.camping-eskualduna.fr/es/zona-acuatica/" data-type="page" data-id="560">con dos piscinas</a> e incluso acceso a Internet Wi-Fi. A dos pasos de <strong>San Juan de Luz</strong>, disfrute del ambiente acogedor de<strong>uno de los mejores campings del País</strong> Vasco.</p>



<div class="wp-container-69f44ee33e563 wp-block-buttons">
<div class="wp-block-button"><a class="wp-block-button__link" href="https://www.saintjeandeluz.fr/fr/" target="_blank" rel="noreferrer noopener">Página web oficial de San Juan de Luz</a></div>



<div class="wp-block-button"><a class="wp-block-button__link" href="https://www.saint-jean-de-luz.com/" target="_blank" rel="noreferrer noopener">Sitio web oficial de la Oficina de Turismo de San Juan de Luz</a></div>
</div>



<h2 id="visiter-saint-jean-de-luz">Visitar San Juan de Luz</h2>



<h3 id="les-halles">Les Halles</h3>



<p>¿Por qué no empezar el día visitando el <strong>mercado de Halles</strong>? Este magnífico salón data de finales del siglo XIX y ha sido renovado recientemente, inspirándose en el Pavillon Baltard de París. Podrá admirar las columnas de hierro fundido y las inmensas vidrieras. Los revestimientos y las piedras del edificio proceden de <a href="https://www.camping-eskualduna.fr/es/alentours/camping-bayonne-cote-basque/" data-type="URL" data-id="https://www.camping-eskualduna.fr/es/alentours/camping-bayonne-cote-basque/">Bayona</a> y La <a href="https://www.camping-eskualduna.fr/alentours/le-petit-train-de-la-rhune/" data-type="alentours" data-id="630">Rhune</a>.</p>



<p>¡Qué ambiente! Toda la calidez y generosidad del País Vasco se muestra aquí. Encontrará las frutas y verduras más frescas, así como productos gastronómicos vascos como el pimiento de <a href="https://www.camping-eskualduna.fr/es/alentours/camping-espelette-pays-basque/" data-type="URL" data-id="https://www.camping-eskualduna.fr/es/alentours/camping-espelette-pays-basque/">Espelette</a>, jamón, quesos de oveja y de vaca, y pescado recién capturado por los pescadores locales. Los martes y viernes por la mañana se celebra un mercado de alimentación delante y alrededor del mercado cubierto, lo que aumenta el número de puestos para disfrute de todos. Es una <strong>visita obligada en San Juan de Luz.</strong></p>



<p>Primer consejo: aparque detrás de la estación SNCF, en el gran aparcamiento. El centro de la ciudad es cada vez más peatonal, por lo que la solución más fácil es desplazarse a pie.</p>



<h3 id="horaires-des-halles-de-saint-jean-de-luz">Horario del mercado de San Juan de Luz</h3>



<p>Horario de apertura de las Halles de Saint Jean de Luz: todas las mañanas de 7.00 a 13.00 horas.</p>



<h3 id="louis-xiv-et-saint-jean-de-luz">Luis XIV y San Juan de Luz</h3>



<p>Desde el mercado, se puede ir andando hasta <strong>la calle Gambetta</strong>, la calle comercial de los regalos de recuerdo. Sin duda pasará por la<strong>iglesia de Saint-Jean-Baptiste</strong>, donde se casó el rey Luis XIV en 1660. Si le gusta cantar, no dude en preguntar en la Oficina de Turismo (junto al mercado), ya que la iglesia acoge varios conciertos.</p>



<p>Esta calle peatonal comienza en la <strong>plaza Luis</strong> XIV. Una magnífica plaza, sede del ayuntamiento, frente al puerto pesquero. Con la Maison de l&#8217;Infante al fondo y los coloridos barcos perfectamente alineados en primer plano, ¡ésta es LA foto de postal de sus vacaciones en el País Vasco!</p>



<p>Segundo consejo: pruebe los auténticos <strong>macarrones de Chez Adam</strong>, una de las especialidades gastronómicas de Saint Jean de Luz. El macarrón es una delicia dulce y suave de almendra que puede comerse o llevarse (¡perfecto para un regalo de recuerdo!). Fundada en 1660, es toda una institución: podrá elegir entre chocolates, rochers, pasteles vascos&#8230;</p>



<h3 id="la-baie-de-saint-jean-de-luz">La bahía de San Juan de Luz</h3>



<p>Desde aquí, puede subir por la Rue de la République, con todos sus restaurantes, para llegar a la <strong>playa</strong>. Protegida por 3 diques, la bahía es tranquila y popular entre las familias durante todo el año. Si le gusta caminar, puede subir a lo alto de la <strong>colina de Sainte Barbe</strong>, a la derecha de la bahía. Hay zonas de juego para los más pequeños y una pequeña capilla blanca en lo alto de la colina. Desde allí arriba, le espera una vista impresionante, con <a href="https://www.camping-eskualduna.fr/es/alentours/camping-ciboure-cote-basque/" data-type="URL" data-id="https://www.camping-eskualduna.fr/es/alentours/camping-ciboure-cote-basque/">Ciboure</a> a un lado, con las montañas al fondo, y los diques alineados de St Barbe, Artha y Socoa al otro, con el mar y la costa vasca al fondo. No olvide su cámara, porque éste es el <strong>lugar estratégico para las puestas de sol</strong>.</p>



<h3 id="la-pelote-basque-ou-cesta-punta">Pelota vasca o Cesta Punta</h3>



<p>Si quiere descubrir otro aspecto de la cultura vasca, o un deporte vasco, vaya a ver un partido de <strong>Cesta Punta</strong>. Tienen lugar en el <strong>Jaï Alaï de San Juan de Luz</strong>. Durante todo el verano se celebran torneos internacionales. La pelota vasca es muy popular en la región, y la Cesta Punta le sorprenderá por su velocidad. Los potentes jugadores no dudan en saltar muros y tirarse al suelo para salvar puntos e intentar ganar el partido ante unas gradas abarrotadas.</p>



<h3 id="camping-a-st-jean-de-luz-decouvrir-les-fetes-de-saint-jean-de-luz">Camping en San Juan de Luz: descubra las fiestas de San Juan de Luz</h3>



<p>Como su vecino Ciboure Si se encuentra en la zona un miércoles o un domingo por la noche en verano, no se pierda la famosa «Noche de la Sardina», la «Fiesta del Atún», la «Fiesta del Mar», la «Fiesta de la Rue de la République», la «Fiesta de St Jean», etc.  <strong>Toro de</strong> Fuego, seguido de peleas de confeti&#8230; ¡Un momento mágico para toda la familia, y recuerdos inolvidables garantizados!</p>



<p>Cada año, en junio, San Juan de Luz<strong> celebra San Juan</strong>. Toda la ciudad, vestida de rojo y blanco, sale a la calle para celebrarlo durante cinco días. Durante el día y la noche, la ciudad resuena al son de las bandas y los conciertos que se celebran por todas las plazas. Podrás disfrutar de competiciones de <strong>fuerza vasca </strong>para jóvenes y mayores, espectáculos tradicionales, cantos, bailes y danzas para toda la noche. El festival es también una oportunidad para reunirse con los amigos en uno de los buenos restaurantes de la ciudad y disfrutar de unos pintxos. Acampar es una forma muy agradable y económica de disfrutar de las <strong>fiestas de San Juan de Luz</strong>.</p>



<figure class="wp-block-gallery has-nested-images columns-4 is-cropped diaporama--3">
<figure class="wp-block-image size-large"><img width="768" height="475" data-id="849"  src="https://www.camping-eskualduna.fr/wp-content/uploads/2023/05/stjean-825x510-1-768x475-1.jpg" alt="" class="wp-image-849" srcset="https://www.camping-eskualduna.fr/wp-content/uploads/2023/05/stjean-825x510-1-768x475-1.jpg 768w, https://www.camping-eskualduna.fr/wp-content/uploads/2023/05/stjean-825x510-1-768x475-1-300x186.jpg 300w" sizes="(max-width: 768px) 100vw, 768px" /></figure>



<figure class="wp-block-image size-large"><img width="500" height="365" data-id="843"  src="https://www.camping-eskualduna.fr/wp-content/uploads/2023/05/stjean3.jpg" alt="" class="wp-image-843" srcset="https://www.camping-eskualduna.fr/wp-content/uploads/2023/05/stjean3.jpg 500w, https://www.camping-eskualduna.fr/wp-content/uploads/2023/05/stjean3-300x219.jpg 300w" sizes="(max-width: 500px) 100vw, 500px" /></figure>



<figure class="wp-block-image size-large"><img width="564" height="845" data-id="840"  src="https://www.camping-eskualduna.fr/wp-content/uploads/2023/05/stjean2.jpg" alt="" class="wp-image-840" srcset="https://www.camping-eskualduna.fr/wp-content/uploads/2023/05/stjean2.jpg 564w, https://www.camping-eskualduna.fr/wp-content/uploads/2023/05/stjean2-200x300.jpg 200w" sizes="(max-width: 564px) 100vw, 564px" /></figure>



<figure class="wp-block-image size-large"><img width="576" height="324" data-id="837"  src="https://www.camping-eskualduna.fr/wp-content/uploads/2023/05/fete-saint-jean-de-luz.jpg" alt="" class="wp-image-837" srcset="https://www.camping-eskualduna.fr/wp-content/uploads/2023/05/fete-saint-jean-de-luz.jpg 576w, https://www.camping-eskualduna.fr/wp-content/uploads/2023/05/fete-saint-jean-de-luz-300x169.jpg 300w" sizes="(max-width: 576px) 100vw, 576px" /></figure>
</figure>
