{"id":2504,"date":"2023-09-27T11:05:05","date_gmt":"2023-09-27T09:05:05","guid":{"rendered":"https:\/\/www.camping-eskualduna.fr\/condiciones-generales\/"},"modified":"2024-01-10T16:14:26","modified_gmt":"2024-01-10T15:14:26","slug":"condiciones-generales","status":"publish","type":"page","link":"https:\/\/www.camping-eskualduna.fr\/es\/condiciones-generales\/","title":{"rendered":"Condiciones y servicios"},"content":{"rendered":"\n<div class=\"wp-container-69f5799e3bdd0 wp-block-group\"><div class=\"wp-block-group__inner-container\">\n<h1 id=\"conditions-servicesvos-vacances-en-camping-sur-la-cote-basque-en-bord-de-mer\">Condiciones y servicios<\/h1>\n\n\n\n<h2 id=\"conditions-servicesvos-vacances-en-camping-sur-la-cote-basque-en-bord-de-mer\"><em>Sus vacaciones de camping<\/em> en la costa vasca junto al mar<\/h2>\n\n\n\n<p>Para sus <strong>vacaciones<\/strong> junto al mar, tambi\u00e9n puede optar por <strong>alquilar un Chalet<\/strong> o una <strong>Parcela en el Pa\u00eds<\/strong> Vasco en nuestro <strong>camping 4 estrellas de Hendaya<\/strong>.<\/p>\n\n\n\n<p><strong>Para estancias en parcelas de acampada de al menos 14 d\u00edas, se aplicar\u00e1 una promoci\u00f3n de \u00ablarga estancia\u00bb del -10% a su parcela.<\/strong><\/p>\n\n\n\n<p>Para sus vacaciones en el suroeste de Francia, tambi\u00e9n puede optar por alquilar un <a href=\"https:\/\/www.camping-eskualduna.fr\/es\/alquileres\/\" data-type=\"page\" data-id=\"556\">chal\u00e9 o una casa m\u00f3vil<\/a> en el <strong>Camping Eskualduna<\/strong>.<\/p>\n<\/div><\/div>\n\n\n\n<div class=\"wp-block-columns alignfull has-fond-background-color has-background\">\n<div class=\"wp-block-column\">\n<h3 id=\"fa-icon-icon-fal-fa-house-day-vos-vacances-en-mobil-home-ou-en-chalet\"><i class=\"fal fa-house-day\"><\/i>  Sus vacaciones en una casa m\u00f3vil o un chal\u00e9<\/h3>\n\n\n\n<p><strong>C\u00f3mo reservar<\/strong>:<\/p>\n\n\n\n<ul><li>Tasa de solicitud 20<\/li><li>Dep\u00f3sito del 25% para confirmar la reserva, el resto se abonar\u00e1 1 mes antes de la llegada.<\/li><li>Dep\u00f3sito de 350 euros mediante huella bancaria<\/li><li>En caso de cancelaci\u00f3n 3 meses antes de la llegada, se devolver\u00e1 el dep\u00f3sito, menos 20 euros en concepto de gastos administrativos. Transcurridos 3 meses, no se devolver\u00e1 el dep\u00f3sito y se deber\u00e1 abonar el importe total de la estancia.<\/li><li>Fuera de temporada, puede elegir el d\u00eda de llegada, con un m\u00ednimo de 2 noches.<\/li><\/ul>\n\n\n\n<p><strong>Informaci\u00f3n diversa<\/strong>:<\/p>\n\n\n\n<ul><li>La Direcci\u00f3n no se hace responsable de los menores que no vayan acompa\u00f1ados por uno de sus progenitores legales.<\/li><li><strong>TV &#8211; WI FI gratuito<\/strong> (limitado a uno por alojamiento) en las casas m\u00f3viles Premium.<\/li><li>En los alquileres se proporcionan s\u00e1banas y bajeras.<\/li><li>No se admiten mascotas en los Eco Chalets.<\/li><li>S\u00f3lo se admiten perros peque\u00f1os (-5 kg) en las casas m\u00f3viles.<\/li><li>Los <strong>animales de compa\u00f1\u00eda son bienvenidos gratuit<\/strong> amente en los campings, pero <strong>los perros considerados peligrosos est\u00e1n prohibidos<\/strong>.<\/li><li>Los perros deben llevar correa o ser\u00e1n expulsados, y nunca deben dejarse solos o sueltos en el camping. La cartilla de vacunaci\u00f3n es obligatoria. Tenga en cuenta que no se admiten perros en las playas.<\/li><li>No se permite el uso de ba\u00f1adores en la piscina. El ba\u00f1ador es<strong> obligatorio<\/strong>.<strong> Los menores de 12 a\u00f1os deben ir acompa\u00f1ados por uno de sus padres.<\/strong><\/li><li>Se permiten las barbacoas de carb\u00f3n. Sigue las instrucciones de seguridad. (No se pueden utilizar barbacoas el\u00e9ctricas).<\/li><\/ul>\n<\/div>\n\n\n\n<div class=\"wp-block-column\">\n<h3 id=\"fa-icon-icon-fal-fa-campground-vos-vacances-en-emplacements\"><i class=\"fal fa-campground\"><\/i>  Sus vacaciones en una parcela<\/h3>\n\n\n\n<p><strong>C\u00f3mo reservar :<\/strong><\/p>\n\n\n\n<ul><li>Tasa de solicitud: 20 euros.<\/li><li>25% de fianza al hacer la reserva, el resto a la llegada al camping<\/li><li>En caso de cancelaci\u00f3n, s\u00f3lo se reembolsar\u00e1n las recibidas m\u00e1s de 30 d\u00edas antes del inicio del periodo reservado.<\/li><li>Posibilidad de contratar un Seguro de Cancelaci\u00f3n (por el 4% de la estancia).<\/li><li>Dispone de una amplia selecci\u00f3n de parcelas sombreadas.<\/li><li>Por razones de comodidad y seguro, le rogamos que no supere las 6 personas por parcela.<\/li><li>Las parcelas deben abonarse y desalojarse antes de las 13.00 horas.<\/li><li>Para proteger el medio ambiente, s\u00f3lo se permite un veh\u00edculo por parcela.<\/li><li>Los veh\u00edculos adicionales deber\u00e1n aparcarse en el aparcamiento y se les cobrar\u00e1 un suplemento.<\/li><\/ul>\n\n\n\n<p><strong>Informaci\u00f3n diversa :<\/strong><\/p>\n\n\n\n<ul><li><strong>Oferta especial para estancias largas de 14 d\u00edas: 10% de descuento en tu parcela.<\/strong><\/li><li>Se pueden alquilar neveras in situ con electricidad. Precio: 9 euros al d\u00eda (hasta agotar existencias).<\/li><li>La Direcci\u00f3n no se hace responsable de los menores que no vayan acompa\u00f1ados por uno de sus progenitores legales.<\/li><li>No se permite el uso de ba\u00f1adores cortos en la piscina. Ba\u00f1ador obligatorio. Los menores de 12 a\u00f1os deben ir acompa\u00f1ados de uno de sus padres.<\/li><li>Conexiones el\u00e9ctricas: 220 V, 10 amperios. De 30 a 50 m de cable de tres hilos.<\/li><li>Se permiten las barbacoas. Sigue las instrucciones de seguridad. (No se pueden utilizar barbacoas el\u00e9ctricas).<\/li><li>Se admiten mascotas gratuitamente, pero est\u00e1n prohibidos los perros considerados peligrosos.<\/li><li>Los perros deben llevar correa o ser\u00e1n expulsados, y nunca deben dejarse solos o sueltos en el camping.<\/li><li>La cartilla de vacunaci\u00f3n es obligatoria. Tenga en cuenta que no se admiten perros en las playas.<\/li><\/ul>\n<\/div>\n<\/div>\n","protected":false},"excerpt":{"rendered":"<p>Condiciones y servicios Sus vacaciones de camping en la costa vasca junto al mar Para sus vacaciones junto al mar, tambi\u00e9n puede optar por alquilar un Chalet o una Parcela en el Pa\u00eds Vasco en nuestro camping 4 estrellas de Hendaya. Para estancias en parcelas de acampada de al menos 14 d\u00edas, se aplicar\u00e1 una [&hellip;]<\/p>\n","protected":false},"author":1,"featured_media":0,"parent":0,"menu_order":0,"comment_status":"closed","ping_status":"closed","template":"","meta":[],"acf":[],"_links":{"self":[{"href":"https:\/\/www.camping-eskualduna.fr\/es\/wp-json\/wp\/v2\/pages\/2504"}],"collection":[{"href":"https:\/\/www.camping-eskualduna.fr\/es\/wp-json\/wp\/v2\/pages"}],"about":[{"href":"https:\/\/www.camping-eskualduna.fr\/es\/wp-json\/wp\/v2\/types\/page"}],"author":[{"embeddable":true,"href":"https:\/\/www.camping-eskualduna.fr\/es\/wp-json\/wp\/v2\/users\/1"}],"replies":[{"embeddable":true,"href":"https:\/\/www.camping-eskualduna.fr\/es\/wp-json\/wp\/v2\/comments?post=2504"}],"version-history":[{"count":4,"href":"https:\/\/www.camping-eskualduna.fr\/es\/wp-json\/wp\/v2\/pages\/2504\/revisions"}],"predecessor-version":[{"id":2877,"href":"https:\/\/www.camping-eskualduna.fr\/es\/wp-json\/wp\/v2\/pages\/2504\/revisions\/2877"}],"wp:attachment":[{"href":"https:\/\/www.camping-eskualduna.fr\/es\/wp-json\/wp\/v2\/media?parent=2504"}],"curies":[{"name":"wp","href":"https:\/\/api.w.org\/{rel}","templated":true}]}}

<div class="wp-container-69f5799e3bdd0 wp-block-group"><div class="wp-block-group__inner-container">
<h1 id="conditions-servicesvos-vacances-en-camping-sur-la-cote-basque-en-bord-de-mer">Condiciones y servicios</h1>



<h2 id="conditions-servicesvos-vacances-en-camping-sur-la-cote-basque-en-bord-de-mer"><em>Sus vacaciones de camping</em> en la costa vasca junto al mar</h2>



<p>Para sus <strong>vacaciones</strong> junto al mar, también puede optar por <strong>alquilar un Chalet</strong> o una <strong>Parcela en el País</strong> Vasco en nuestro <strong>camping 4 estrellas de Hendaya</strong>.</p>



<p><strong>Para estancias en parcelas de acampada de al menos 14 días, se aplicará una promoción de «larga estancia» del -10% a su parcela.</strong></p>



<p>Para sus vacaciones en el suroeste de Francia, también puede optar por alquilar un <a href="https://www.camping-eskualduna.fr/es/alquileres/" data-type="page" data-id="556">chalé o una casa móvil</a> en el <strong>Camping Eskualduna</strong>.</p>
</div></div>



<div class="wp-block-columns alignfull has-fond-background-color has-background">
<div class="wp-block-column">
<h3 id="fa-icon-icon-fal-fa-house-day-vos-vacances-en-mobil-home-ou-en-chalet"><i class="fal fa-house-day"></i>  Sus vacaciones en una casa móvil o un chalé</h3>



<p><strong>Cómo reservar</strong>:</p>



<ul><li>Tasa de solicitud 20</li><li>Depósito del 25% para confirmar la reserva, el resto se abonará 1 mes antes de la llegada.</li><li>Depósito de 350 euros mediante huella bancaria</li><li>En caso de cancelación 3 meses antes de la llegada, se devolverá el depósito, menos 20 euros en concepto de gastos administrativos. Transcurridos 3 meses, no se devolverá el depósito y se deberá abonar el importe total de la estancia.</li><li>Fuera de temporada, puede elegir el día de llegada, con un mínimo de 2 noches.</li></ul>



<p><strong>Información diversa</strong>:</p>



<ul><li>La Dirección no se hace responsable de los menores que no vayan acompañados por uno de sus progenitores legales.</li><li><strong>TV &#8211; WI FI gratuito</strong> (limitado a uno por alojamiento) en las casas móviles Premium.</li><li>En los alquileres se proporcionan sábanas y bajeras.</li><li>No se admiten mascotas en los Eco Chalets.</li><li>Sólo se admiten perros pequeños (-5 kg) en las casas móviles.</li><li>Los <strong>animales de compañía son bienvenidos gratuit</strong> amente en los campings, pero <strong>los perros considerados peligrosos están prohibidos</strong>.</li><li>Los perros deben llevar correa o serán expulsados, y nunca deben dejarse solos o sueltos en el camping. La cartilla de vacunación es obligatoria. Tenga en cuenta que no se admiten perros en las playas.</li><li>No se permite el uso de bañadores en la piscina. El bañador es<strong> obligatorio</strong>.<strong> Los menores de 12 años deben ir acompañados por uno de sus padres.</strong></li><li>Se permiten las barbacoas de carbón. Sigue las instrucciones de seguridad. (No se pueden utilizar barbacoas eléctricas).</li></ul>
</div>



<div class="wp-block-column">
<h3 id="fa-icon-icon-fal-fa-campground-vos-vacances-en-emplacements"><i class="fal fa-campground"></i>  Sus vacaciones en una parcela</h3>



<p><strong>Cómo reservar :</strong></p>



<ul><li>Tasa de solicitud: 20 euros.</li><li>25% de fianza al hacer la reserva, el resto a la llegada al camping</li><li>En caso de cancelación, sólo se reembolsarán las recibidas más de 30 días antes del inicio del periodo reservado.</li><li>Posibilidad de contratar un Seguro de Cancelación (por el 4% de la estancia).</li><li>Dispone de una amplia selección de parcelas sombreadas.</li><li>Por razones de comodidad y seguro, le rogamos que no supere las 6 personas por parcela.</li><li>Las parcelas deben abonarse y desalojarse antes de las 13.00 horas.</li><li>Para proteger el medio ambiente, sólo se permite un vehículo por parcela.</li><li>Los vehículos adicionales deberán aparcarse en el aparcamiento y se les cobrará un suplemento.</li></ul>



<p><strong>Información diversa :</strong></p>



<ul><li><strong>Oferta especial para estancias largas de 14 días: 10% de descuento en tu parcela.</strong></li><li>Se pueden alquilar neveras in situ con electricidad. Precio: 9 euros al día (hasta agotar existencias).</li><li>La Dirección no se hace responsable de los menores que no vayan acompañados por uno de sus progenitores legales.</li><li>No se permite el uso de bañadores cortos en la piscina. Bañador obligatorio. Los menores de 12 años deben ir acompañados de uno de sus padres.</li><li>Conexiones eléctricas: 220 V, 10 amperios. De 30 a 50 m de cable de tres hilos.</li><li>Se permiten las barbacoas. Sigue las instrucciones de seguridad. (No se pueden utilizar barbacoas eléctricas).</li><li>Se admiten mascotas gratuitamente, pero están prohibidos los perros considerados peligrosos.</li><li>Los perros deben llevar correa o serán expulsados, y nunca deben dejarse solos o sueltos en el camping.</li><li>La cartilla de vacunación es obligatoria. Tenga en cuenta que no se admiten perros en las playas.</li></ul>
</div>
</div>

<p>Condiciones y servicios Sus vacaciones de camping en la costa vasca junto al mar Para sus vacaciones junto al mar, también puede optar por alquilar un Chalet o una Parcela en el País Vasco en nuestro camping 4 estrellas de Hendaya. Para estancias en parcelas de acampada de al menos 14 días, se aplicará una [&hellip;]</p>
